{"id":23,"date":"2021-05-28T09:52:21","date_gmt":"2021-05-28T09:52:21","guid":{"rendered":"https:\/\/putokazi.eu\/web\/?page_id=23"},"modified":"2025-06-24T14:04:09","modified_gmt":"2025-06-24T14:04:09","slug":"kontakt","status":"publish","type":"page","link":"https:\/\/putokazi.eu\/web\/kontakt\/","title":{"rendered":"Kontakt"},"content":{"rendered":"<p>Redakcija \u010dasopisa \u201ePutokazi\u201c<br \/>\nSveu\u010dili\u0161te Hercegovina<br \/>\nBijakovi\u0107i, Kraljice Mira 3A, 88266, Me\u0111ugorje, BiH<\/p>\n<p><strong>TELEFON I FAX REDAKCIJE<\/strong><br \/>\n+387(0)36 651 828<\/p>\n<p><strong>E-MAIL ADRESA REDAKCIJE<\/strong><br \/>\nputokazi@hercegovina.edu.ba<\/p>\n","protected":false},"excerpt":{"rendered":"<p>Redakcija \u010dasopisa \u201ePutokazi\u201c Sveu\u010dili\u0161te Hercegovina Bijakovi\u0107i, Kraljice Mira 3A, 88266, Me\u0111ugorje, BiH TELEFON I FAX REDAKCIJE +387(0)36 651 828 E-MAIL ADRESA REDAKCIJE putokazi@hercegovina.edu.ba<\/p>\n","protected":false},"author":1,"featured_media":0,"parent":0,"menu_order":0,"comment_status":"closed","ping_status":"closed","template":"","meta":{"footnotes":""},"class_list":["post-23","page","type-page","status-publish","hentry","entry"],"_links":{"self":[{"href":"https:\/\/putokazi.eu\/web\/wp-json\/wp\/v2\/pages\/23","targetHints":{"allow":["GET"]}}],"collection":[{"href":"https:\/\/putokazi.eu\/web\/wp-json\/wp\/v2\/pages"}],"about":[{"href":"https:\/\/putokazi.eu\/web\/wp-json\/wp\/v2\/types\/page"}],"author":[{"embeddable":true,"href":"https:\/\/putokazi.eu\/web\/wp-json\/wp\/v2\/users\/1"}],"replies":[{"embeddable":true,"href":"https:\/\/putokazi.eu\/web\/wp-json\/wp\/v2\/comments?post=23"}],"version-history":[{"count":2,"href":"https:\/\/putokazi.eu\/web\/wp-json\/wp\/v2\/pages\/23\/revisions"}],"predecessor-version":[{"id":73,"href":"https:\/\/putokazi.eu\/web\/wp-json\/wp\/v2\/pages\/23\/revisions\/73"}],"wp:attachment":[{"href":"https:\/\/putokazi.eu\/web\/wp-json\/wp\/v2\/media?parent=23"}],"curies":[{"name":"wp","href":"https:\/\/api.w.org\/{rel}","templated":true}]}}